 factor of 44 and s.
4
Suppose 5*l - 5*n - 255 = 0, 2*l - 63 - 36 = -n. Suppose 0 = -2*x - 2, 2*f - 3*x = -x + 12. What is the greatest common factor of l and f?
5
Suppose 14*l - 243 = -5. Let d be (-1358)/(-10) - (-4)/20. Calculate the greatest common factor of l and d.
17
Let t(f) = f**2 - 5*f - 6. Let q be t(6). Suppose q = -4*k + 132 + 88. Let n(o) = 4*o - 1. Let r be n(3). What is the highest common divisor of k and r?
11
Suppose 0 = 5*g - 0*g + 5, -4*z + 2*g + 1874 = 0. What is the highest common factor of z and 26?
26
Let r = -64 - -82. Suppose 0 = 4*i - 2*i - r. What is the highest common factor of i and 12?
3
Suppose -42*r + 169 + 154 = 29. Let v = 200 + -109. Calculate the highest common divisor of r and v.
7
Let z(b) = b**2 - 5*b + 3. Let o be z(5). Let u = 22 - 90. Let p = -62 - u. Calculate the highest common divisor of p and o.
3
Let j(n) = 8*n - 18. Let d be j(6). Suppose -6*z = -3*z - d. What is the greatest common divisor of z and 15?
5
Let d(h) = 0 - 5 - 1 - h + 0*h. Let r(z) = -1. Let s(x) = 4*d(x) - 12*r(x). Let n be s(-5). Calculate the greatest common factor of 32 and n.
8
Let z(y) = 161*y**2 - 2*y + 1. Let s be z(1). Let v be (-14)/112*10/(-1)*32. Calculate the highest common divisor of s and v.
40
Suppose -1 - 7 = -4*x. Let a(k) = 4*k + 5*k**2 + 5 - k**x - k**3 + 3*k**2. Let f be a(7). Calculate the greatest common divisor of f and 3.
3
Suppose 3*w = -2*w + 110. Suppose 2*g - w = 22. Suppose -2*m + 30 + 58 = 0. What is the highest common divisor of g and m?
22
Let m be ((-2)/(4/19)*-6)/1. Let a be m*5/90*6. Calculate the greatest common factor of 152 and a.
19
Let h be 3/(-12)*6 - 3/(-6). Let y(l) = 26*l**2 - 2*l - 2. Let v be y(h). Calculate the greatest common factor of v and 26.
26
Suppose -i = 0, i = 2*a + a. Suppose p - 3*n - 20 = 0, -3*p - 3*n + n + 115 = a. Calculate the highest common divisor of p and 175.
35
Let s be 2/((2/(-11))/(-1)). Let a = -4 + s. Let u(c) = -8*c - 5. Let v be u(-5). What is the greatest common factor of a and v?
7
Let s(p) = 11*p + 3. Let x be s(3). Suppose -4*o = -0*o - x. Suppose -196 + 34 = -2*v. Calculate the greatest common divisor of v and o.
9
Suppose 3*r = -w - 3*w + 491, 2*w - 2*r - 228 = 0. Let u be ((-170)/(-5))/((-4)/(-2)). What is the highest common divisor of w and u?
17
Suppose -368 = -5*c + 72. Let q(b) = -b**2 + 6*b + 8. Let l be q(8). Let p = l + 19. Calculate the greatest common divisor of p and c.
11
Let c be (20/3)/((-10)/75*-1). Suppose 0 = -3*w + 4*w - 1. Let s be 2*(1/w + 9). What is the greatest common divisor of c and s?
10
Let v(d) = 27*d**2 + 16*d + 48. Let c be v(-3). Calculate the highest common divisor of c and 18.
9
Let h(z) = z**3 + 8*z**2 + 2*z + 4. Let y be h(-6). Calculate the highest common factor of 448 and y.
64
Suppose -123 = -2*m - 3*j, -3*j = 4*m - 72 - 171. Suppose 40 = 2*y - m. Let h = 20 + 0. Calculate the greatest common divisor of y and h.
10
Let m be (0 - (-81 - 2)) + -3 + 5. What is the greatest common divisor of m and 34?
17
Let f = 5 + 0. Suppose 0 = 3*w - 8*w - 25. Let o be (-1)/((-1)/w)*-11. Calculate the highest common divisor of o and f.
5
Let c be 3 - 3/3 - -10. Let g(x) = 20*x - 20. Let q be g(c). Calculate the highest common factor of 20 and q.
20
Let o be (24/2)/(5 - (-462)/(-96)). Let d = o - 12. What is the greatest common divisor of 13 and d?
13
Let a = 64 - 46. Let y = -2 - -4. What is the highest common divisor of y and a?
2
Suppose 4 = y + y. Let l be (0 - (-9)/2)*y. Let r be 5*36/(-45) - (-31 + 0). Calculate the greatest common factor of l and r.
9
Suppose 26*v = 22*v + 600. Calculate the greatest common factor of 90 and v.
30
Suppose -47*s + 49*s = 216. What is the highest common divisor of 162 and s?
54
Let y be -4*(-68)/16 - (-40)/8. Suppose -2*m - x = 13, -5*m + x = 4*x + 32. Let k(i) = i + 9. Let q be k(m). What is the highest common divisor of q and y?
2
Let k(w) = 24*w - 21. Let r be k(4). Calculate the greatest common factor of 200 and r.
25
Let l(u) = 4*u + 140. Let v be l(-23). What is the greatest common factor of 60 and v?
12
Suppose -2490*d = -2491*d + 90. Suppose -13 = -3*k + 41. Calculate the greatest common divisor of k and d.
18
Suppose -166*z - 369*z + 412 = -123*z. Let p be 8/6 + (-2)/6. Calculate the greatest common factor of p and z.
1
Suppose 79*k = 76*k + 1500. Calculate the greatest common factor of k and 20.
20
Suppose -8*q + 1836 = 636. What is the greatest common divisor of 30 and q?
30
Suppose -9459 = -64*m - 435. What is the highest common factor of m and 4230?
141
Suppose 37*a + 47*a - 1092 = 0. Suppose -2*q + 18 - 6 = 0. Suppose -q*k + 4*k + 208 = 0. Calculate the greatest common divisor of a and k.
13
Suppose -9*h = -15*h + 168. What is the greatest common divisor of h and 14?
14
Let o(k) = -k**2 + 18*k - 35. Let g be o(8). Calculate the highest common divisor of 1875 and g.
15
Let q(r) = -6*r + 27. Let f be q(-12). Suppose 4*w - 4 = 0, -3*k - k - 3*w + f = 0. Calculate the greatest common factor of 24 and k.
24
Let w = 588 - 578. Let y(d) = d + 40. Let c be y(0). Calculate the greatest common divisor of w and c.
10
Suppose 3*y + 5*b = 15, 4*b + 15 = 5*y - 2*y. Let n = -41 - -40. Let r(q) = 24*q**2 + 5*q + 6. Let z be r(n). Calculate the greatest common factor of z and y.
5
Let c = -58 - -97. Let d be (-9)/(-2)*(-13)/(c/(-34)). Calculate the highest common factor of 3 and d.
3
Suppose 0 = -5*o + 10, 0 = 2*w + w - 3*o - 15. Calculate the greatest common divisor of 119 and w.
7
Suppose 3*p = v - 8, -2*v + 18 = -5*p + 4. Let o = -93 - -94. Suppose -v*j + o + 3 = 0. Calculate the highest common divisor of 18 and j.
2
Let p(j) = -j**3 - 44*j**2 - 47*j - 132. Let a be p(-43). What is the greatest common divisor of 120 and a?
40
Let k be -8 - (55/11 - 200). What is the greatest common divisor of 88 and k?
11
Suppose -6*x + 3312 = 6*x. What is the greatest common divisor of 12 and x?
12
Let w = 21 + -20. Suppose -w = -4*f + 7. What is the highest common divisor of 22 and f?
2
Let t(m) = m**3 + 6*m**2 - 9*m + 7. Let o be t(-7). Suppose 8*b - 11*b = -o. Calculate the greatest common factor of b and 70.
7
Let n be 1*(-7 - -2)*-1. Let b = -340 + 355. Calculate the greatest common factor of n and b.
5
Suppose -2*c + 79 = q, 0*q + q - 4*c = 73. Let t = q - 68. Calculate the highest common factor of t and 63.
9
Let t(n) = n**3 - 5*n**2 - 9*n + 22. Let q be t(7). Calculate the greatest common factor of q and 95.
19
Suppose -53 = -s - 20. Suppose s + 84 = 13*q. Calculate the greatest common factor of 12 and q.
3
Let z be 2 + 40 - (-8)/8. Suppose -344 = 4*u - 6*u. Calculate the highest common factor of u and z.
43
Suppose -4*o = -309 - 51. Let v(s) = -s**3 + 4*s**2 - s + 3. Let l be (10/2 - 2) + (3 - 3). Let m be v(l). Calculate the greatest common divisor of o and m.
9
Suppose 23*z - 52*z = -406. Suppose 0 = -g, 3*q - 13 = -2*g + 8. What is the highest common factor of z and q?
7
Let l(t) = 71*t**2 + 1. Let w be l(1). Suppose -17*i + 1038 = 732. Calculate the greatest common divisor of i and w.
18
Suppose 7*s + 3*w = 2*s + 654, -2*s = 3*w - 267. Let y = s + -81. What is the highest common divisor of 12 and y?
12
Suppose c + 2*c - 48 = 0. Let l be 20/35 + 3806/77 - 2. What is the greatest common divisor of l and c?
16
Suppose -4*c = -42 - 6. Let a = c + -10. Suppose -a*b = -b - 8. What is the greatest common factor of 72 and b?
8
Let n be 1 + 9/3 + -2. Let j be 15/5*n*(-1)/(-2). What is the highest common factor of 33 and j?
3
Let t = 612 - 599. Let z(s) = -s - 4. Let u be z(-6). Suppose -5*a + 185 = 2*n + u*n, -a + 4*n = -t. Calculate the highest common divisor of a and 22.
11
Let x = -3 - -6. Suppose -x*f = 6, 3*f + 64 = g - 47. Let w = g - 55. What is the greatest common divisor of 75 and w?
25
Let s be ((1 - 3)*2)/((-6)/21). Let g(z) = 71*z**3 + z - 2. Let x be g(1). What is the greatest common factor of x and s?
14
Let m = -528 - -538. Let u = 109 - 29. What is the greatest common divisor of m and u?
10
Suppose -4*n = -4*v - 92, 6 = 5*v - 9. Let o(x) = -x**3 + 11*x**2 - 12*x - 52. Let s be o(9). What is the highest common factor of n and s?
2
Let y = 2072 + -1289. Suppose 2*o = -o + y. Calculate the greatest common factor of o and 29.
29
Suppose -4*v + 379 = -233. Let d be 102/72*2*6. What is the gre